{"id":37,"date":"2020-05-31T15:26:06","date_gmt":"2020-05-31T15:26:06","guid":{"rendered":"http:\/\/oisp.hcmut.edu.vn\/academic-affairs\/?page_id=37"},"modified":"2020-08-13T13:40:51","modified_gmt":"2020-08-13T13:40:51","slug":"hoc-phi","status":"publish","type":"page","link":"https:\/\/oisp.hcmut.edu.vn\/academic-affairs\/hoc-phi\/","title":{"rendered":"H\u1ecdc ph\u00ed"},"content":{"rendered":"<p>[et_pb_section fb_built=&#8221;1&#8243; _builder_version=&#8221;4.5.1&#8243; _module_preset=&#8221;default&#8221;][et_pb_row _builder_version=&#8221;4.5.1&#8243; _module_preset=&#8221;default&#8221; background_color=&#8221;#00aaef&#8221; custom_padding=&#8221;|5px||30px|false|false&#8221; border_radii=&#8221;on|5px|5px|5px|5px&#8221; border_color_all=&#8221;#0c71c3&#8243;][et_pb_column type=&#8221;4_4&#8243; _builder_version=&#8221;4.5.1&#8243; _module_preset=&#8221;default&#8221;][et_pb_text _builder_version=&#8221;4.5.6&#8243; _module_preset=&#8221;default&#8221; text_text_color=&#8221;#ffffff&#8221; header_3_text_color=&#8221;#ffffff&#8221; header_3_font_size=&#8221;30px&#8221; header_3_letter_spacing=&#8221;1px&#8221; header_3_line_height=&#8221;0.5em&#8221; hover_enabled=&#8221;0&#8243; custom_padding=&#8221;0px|||||&#8221;]<\/p>\n<h3 style=\"text-align: center;\"><strong>QUY \u0110\u1ecaNH V\u1ec0 H\u1eccC PH\u00cd<\/strong><\/h3>\n<p>[\/et_pb_text][\/et_pb_column][\/et_pb_row][et_pb_row _builder_version=&#8221;4.5.6&#8243; _module_preset=&#8221;default&#8221; hover_enabled=&#8221;0&#8243;][et_pb_column _builder_version=&#8221;4.5.6&#8243; _module_preset=&#8221;default&#8221; type=&#8221;4_4&#8243;][et_pb_toggle title=&#8221;QUY \u0110\u1ecaNH H\u1eccC PH\u00cd PRE-UNIVERSITY&#8221; _builder_version=&#8221;4.5.6&#8243; _module_preset=&#8221;default&#8221; hover_enabled=&#8221;0&#8243; open=&#8221;on&#8221;]<\/p>\n<p><strong>Thanh to\u00e1n h\u1ecdc ph\u00ed: <\/strong><\/p>\n<p>Sinh vi\u00ean ph\u1ea3i thanh to\u00e1n to\u00e0n b\u1ed9 h\u1ecdc ph\u00ed theo th\u1eddi h\u1ea1n c\u1ee5 th\u1ec3 \u0111\u01b0\u1ee3c th\u00f4ng b\u00e1o \u1edf m\u1ed7i h\u1ecdc k\u1ef3.<\/p>\n<p>Sau khi k\u1ebft th\u00fac th\u1eddi h\u1ea1n thu, sinh vi\u00ean ch\u01b0a ho\u00e0n t\u1ea5t h\u1ecdc ph\u00ed s\u1ebd nh\u1eadn c\u00e1c h\u00ecnh th\u1ee9c k\u1ef7 lu\u1eadt nh\u01b0 sau:<\/p>\n<ul>\n<li>B\u1ecb bu\u1ed9c t\u1ea1m d\u1eebng h\u1ecdc k\u1ef3 thanh to\u00e1n h\u1ecdc ph\u00ed tr\u1ec5 h\u1ea1n. Sinh vi\u00ean ph\u1ea3i n\u1ed9p Ch\u1ee9ng ch\u1ec9 ti\u1ebfng Anh ch\u00ednh th\u1ee9c (\u0111\u00e3 ho\u00e0n t\u1ea5t th\u1ea9m tra) \u0111\u1ec3 \u0111\u01b0\u1ee3c thu nh\u1eadn l\u1ea1i.<\/li>\n<li>Kh\u00f4ng \u0111\u01b0\u1ee3c xem x\u00e9t h\u1ecdc b\u1ed5ng v\u00e0 c\u00e1c \u01b0u ti\u00ean kh\u00e1c trong h\u1ecdc k\u1ef3 t\u01b0\u01a1ng \u1ee9ng<\/li>\n<li>Tr\u1eeb 10 \u0111i\u1ec3m r\u00e8n luy\u1ec7n v\u00e0o m\u1ee5c II. Ch\u1ea5p h\u00e0nh n\u1ed9i quy \u2013 quy ch\u1ebf trong Quy \u0111\u1ecbnh t\u00ednh \u0111i\u1ec3m r\u00e8n luy\u1ec7n<\/li>\n<li>Kh\u00f4ng \u0111\u01b0\u1ee3c VP\u0110TQT x\u00e1c nh\u1eadn c\u00e1c h\u1ed3 s\u01a1, gi\u1ea5y t\u1edd li\u00ean quan h\u1ecdc ph\u00ed trong h\u1ecdc k\u1ef3.<\/li>\n<\/ul>\n<p><strong>Ph\u01b0\u01a1ng th\u1ee9c thanh to\u00e1n: <\/strong>Sinh vi\u00ean thanh to\u00e1n h\u1ecdc ph\u00ed b\u1eb1ng h\u00ecnh th\u1ee9c chuy\u1ec3n kho\u1ea3n theo c\u00fa ph\u00e1p <strong>H\u1ecc V\u00c0 T\u00caN_MSSV_PRExx <\/strong>v\u00e0o th\u00f4ng tin t\u00e0i kho\u1ea3n nh\u1eadn \u0111\u01b0\u1ee3c qua email.<\/p>\n<p><strong>Ki\u1ec3m tra v\u00e0 in h\u00f3a \u0111\u01a1n:\u00a0<\/strong>Th\u1ef1c hi\u1ec7n theo email th\u00f4ng b\u00e1o h\u1ecdc ph\u00ed<\/p>\n<p><b><\/b><\/p>\n<p><b>TH\u00d4NG B\u00c1O &#8211; QUY\u1ebeT \u0110\u1ecaNH<\/b><\/p>\n<ul>\n<li><strong>N\u0103m h\u1ecdc 2019 \u2013 2020: <\/strong><\/li>\n<\/ul>\n<p><a href=\"http:\/\/oisp.hcmut.edu.vn\/academic-affairs\/wp-content\/uploads\/2020\/08\/193_QD-246_Quyet-dinh-tam-dung-Pre-3.pdf\" rel=\"attachment wp-att-50285\">193_Q\u0110 246_Quy\u1ebft \u0111\u1ecbnh t\u1ea1m d\u1eebng Pre 3<\/a><\/p>\n<p><a href=\"http:\/\/oisp.hcmut.edu.vn\/academic-affairs\/wp-content\/uploads\/2020\/08\/193_TB-217_Thong-bao-tam-dung-Pre-3.pdf\" rel=\"attachment wp-att-50287 noopener noreferrer\" target=\"_blank\">193_TB 217_Th\u00f4ng b\u00e1o t\u1ea1m d\u1eebng Pre 3<\/a><\/p>\n<p><a href=\"http:\/\/oisp.hcmut.edu.vn\/academic-affairs\/wp-content\/uploads\/2020\/08\/193_TB-148_Thong-bao-hoc-phi-Pre-3.pdf\" rel=\"attachment wp-att-50289\">193_TB 148_Th\u00f4ng b\u00e1o h\u1ecdc ph\u00ed Pre 3<\/a><\/p>\n<p><a href=\"http:\/\/oisp.hcmut.edu.vn\/academic-affairs\/wp-content\/uploads\/2020\/08\/192_QD-146_Quyet-dinh-tam-dung-Pre-2.pdf\" rel=\"attachment wp-att-50291\">192_Q\u0110 146_Quy\u1ebft \u0111\u1ecbnh t\u1ea1m d\u1eebng Pre 2<\/a><\/p>\n<p><a href=\"http:\/\/oisp.hcmut.edu.vn\/academic-affairs\/wp-content\/uploads\/2020\/08\/192_TB-668_Thong-bao-hoc-phi-Pre-2.pdf\" rel=\"attachment wp-att-50293 noopener noreferrer\" target=\"_blank\">192_TB 668_Th\u00f4ng b\u00e1o h\u1ecdc ph\u00ed Pre 2<\/a><\/p>\n<p><a href=\"http:\/\/oisp.hcmut.edu.vn\/academic-affairs\/wp-content\/uploads\/2020\/08\/191_TB-503_Thong-bao-hoc-phi-Pre-1.pdf\" rel=\"attachment wp-att-50295\">191_TB 503_Th\u00f4ng b\u00e1o h\u1ecdc ph\u00ed Pre 1<\/a><\/p>\n<ul>\n<li><strong>N\u0103m h\u1ecdc 2018 \u2013 2019:<\/strong><\/li>\n<\/ul>\n<p><a href=\"http:\/\/oisp.hcmut.edu.vn\/academic-affairs\/wp-content\/uploads\/2020\/08\/183_QD-238_Quyet-dinh-tam-dung-Pre-3.pdf\" rel=\"attachment wp-att-50297\">183_Q\u0110 238_Quy\u1ebft \u0111\u1ecbnh t\u1ea1m d\u1eebng Pre 3<\/a><\/p>\n<p><a href=\"http:\/\/oisp.hcmut.edu.vn\/academic-affairs\/wp-content\/uploads\/2020\/08\/183_TB-222_Thong-bao-tam-dung-Pre-3.pdf\" rel=\"attachment wp-att-50299\">183_TB 222_Th\u00f4ng b\u00e1o t\u1ea1m d\u1eebng Pre 3<\/a><\/p>\n<p><a href=\"http:\/\/oisp.hcmut.edu.vn\/academic-affairs\/wp-content\/uploads\/2020\/08\/183_TB-182_Thong-bao-hoc-phi-Pre-3.pdf\" rel=\"attachment wp-att-50301 noopener noreferrer\" target=\"_blank\">183_TB 182_Th\u00f4ng b\u00e1o h\u1ecdc ph\u00ed Pre 3<\/a><\/p>\n<p><a href=\"http:\/\/oisp.hcmut.edu.vn\/academic-affairs\/wp-content\/uploads\/2020\/08\/182_-QD-90_Quyet-dinh-tam-dung-Pre-2.pdf\" rel=\"attachment wp-att-50303\">182_ Q\u0110 90_Quy\u1ebft \u0111\u1ecbnh t\u1ea1m d\u1eebng Pre 2<\/a><\/p>\n<p><a href=\"http:\/\/oisp.hcmut.edu.vn\/academic-affairs\/wp-content\/uploads\/2020\/08\/182_TB-81_Thong-bao-tam-dung-Pre-2.pdf\" rel=\"attachment wp-att-50305\">182_TB 81_Th\u00f4ng b\u00e1o t\u1ea1m d\u1eebng Pre 2<\/a><\/p>\n<p><a href=\"https:\/\/oisp.hcmut.edu.vn\/academic-affairs\/wp-content\/uploads\/2020\/08\/182_TB-572_Thong-bao-hoc-phi-Pre-2.pdf\" rel=\"attachment wp-att-50307 noopener noreferrer\" target=\"_blank\">182_TB 572_Th\u00f4ng b\u00e1o h\u1ecdc ph\u00ed Pre 2<\/a><\/p>\n<p>[\/et_pb_toggle][\/et_pb_column][\/et_pb_row][et_pb_row _builder_version=&#8221;4.5.6&#8243; _module_preset=&#8221;default&#8221; hover_enabled=&#8221;0&#8243;][et_pb_column _builder_version=&#8221;4.5.6&#8243; _module_preset=&#8221;default&#8221; type=&#8221;4_4&#8243;][et_pb_toggle title=&#8221;QUY \u0110\u1ecaNH H\u1eccC PH\u00cd CH\u00cdNH KH\u00d3A&#8221; _builder_version=&#8221;4.5.6&#8243; _module_preset=&#8221;default&#8221; hover_enabled=&#8221;0&#8243;]<\/p>\n<p><strong>Thanh to\u00e1n h\u1ecdc ph\u00ed:\u00a0<\/strong>Sinh vi\u00ean ph\u1ea3i thanh to\u00e1n to\u00e0n b\u1ed9 h\u1ecdc ph\u00ed theo th\u1eddi h\u1ea1n c\u1ee5 th\u1ec3 \u0111\u01b0\u1ee3c th\u00f4ng b\u00e1o \u1edf m\u1ed7i h\u1ecdc k\u1ef3. Sau khi k\u1ebft th\u00fac th\u1eddi h\u1ea1n thu, sinh vi\u00ean ch\u01b0a ho\u00e0n t\u1ea5t h\u1ecdc ph\u00ed s\u1ebd b\u1ecb x\u1eed l\u00fd theo quy \u0111\u1ecbnh.<\/p>\n<p><strong>Ph\u01b0\u01a1ng th\u1ee9c thanh to\u00e1n: <\/strong>Sinh vi\u00ean thanh to\u00e1n h\u1ecdc ph\u00ed v\u00e0 c\u00e1c l\u1ec7 ph\u00ed tr\u00ean h\u1ec7 th\u1ed1ng BKPAY<\/p>\n<ul>\n<li>\u0110\u0103ng nh\u1eadp: <a href=\"https:\/\/bkpay.hcmut.edu.vn\/\">https:\/\/bkpay.hcmut.edu.vn\/<\/a><\/li>\n<li>H\u01b0\u1edbng d\u1eabn s\u1eed d\u1ee5ng BKPAY: <a href=\"http:\/\/www.aao.hcmut.edu.vn\/index.php?route=catalog\/chitiettb&amp;thongbao_id=872\">http:\/\/www.aao.hcmut.edu.vn\/index.php?route=catalog\/chitiettb&amp;thongbao_id=872<\/a><\/li>\n<\/ul>\n<p><strong>Ki\u1ec3m tra v\u00e0 in h\u00f3a \u0111\u01a1n:<\/strong><\/p>\n<ul>\n<li>Ch\u01b0\u01a1ng tr\u00ecnh ch\u1ea5t l\u01b0\u1ee3ng cao: <a href=\"http:\/\/khtc.hcmut.edu.vn\/\">http:\/\/khtc.hcmut.edu.vn\/<\/a>\u00a0-&gt; Tra c\u1ee9u h\u00f3a \u0111\u01a1n<\/li>\n<li>C\u00e1c ch\u01b0\u01a1ng tr\u00ecnh kh\u00e1c: theo d\u00f5i v\u00e0 th\u1ef1c hi\u1ec7n theo email th\u00f4ng b\u00e1o h\u1ecdc ph\u00ed<\/li>\n<\/ul>\n<p><strong>Nh\u1eafc nh\u1edf:<\/strong><\/p>\n<ul>\n<li>Th\u00f4ng b\u00e1o h\u1ecdc ph\u00ed: <a href=\"http:\/\/www.aao.hcmut.edu.vn\/index.php?route=catalog\/chitietsv&amp;path=219_61&amp;tid=1886\">http:\/\/www.aao.hcmut.edu.vn\/index.php?route=catalog\/chitietsv&amp;path=219_61&amp;tid=1886<\/a><\/li>\n<li>H\u00ecnh th\u1ee9c x\u1eed l\u00fd khi thanh to\u00e1n h\u1ecdc ph\u00ed tr\u1ec5 h\u1ea1n: <a href=\"https:\/\/oisp-edu-dot-yamm-track.appspot.com\/Redirect?ukey=1saRyeH-i0BgDFtuNRCwvWoCfB6VctIJ8th13ABAJXHo-2023673741&amp;key=YAMMID-19518217&amp;link=https%3A%2F%2Foisp-edu-dot-yamm-track.appspot.com%2FRedirect%3Fukey%3D1ab_QR5BAJsNEbDzOasDtweCWWgViwNsfjB0En6NFIcw-50090154%26key%3DYAMMID-45666783%26link%3Dhttp%253A%252F%252Fshorturl.at%252FdwxW4\">shorturl.at\/dwxW4<\/a><\/li>\n<\/ul>\n<p>&nbsp;<\/p>\n<p><b>TH\u00d4NG B\u00c1O &#8211; QUY\u1ebeT \u0110\u1ecaNH<\/b><\/p>\n<p><strong>N\u0103m h\u1ecdc 2019 \u2013 2020:<\/strong><\/p>\n<ul>\n<li><a href=\"http:\/\/oisp.hcmut.edu.vn\/academic-affairs\/wp-content\/uploads\/2020\/08\/193_TB-288_Thong-bao-dong-hoc-phi.pdf\" rel=\"attachment wp-att-50259 noopener noreferrer\" target=\"_blank\">193_TB 288_Th\u00f4ng b\u00e1o \u0111\u00f3ng h\u1ecdc ph\u00ed<\/a><\/li>\n<li><a href=\"http:\/\/oisp.hcmut.edu.vn\/academic-affairs\/wp-content\/uploads\/2020\/08\/192_TB141_Thong-bao-hoc-phi-du-thinh-HK192.pdf\" rel=\"attachment wp-att-50261 noopener noreferrer\" target=\"_blank\">192_TB141_Th\u00f4ng b\u00e1o h\u1ecdc ph\u00ed d\u1ef1 th\u00ednh HK192<\/a><\/li>\n<li><a href=\"http:\/\/oisp.hcmut.edu.vn\/academic-affairs\/wp-content\/uploads\/2020\/08\/192_QD-247_Quyet-dinh-tam-dung.pdf\" rel=\"attachment wp-att-50263 noopener noreferrer\" target=\"_blank\">192_Q\u0110 247_Quy\u1ebft \u0111\u1ecbnh t\u1ea1m d\u1eebng<\/a><\/li>\n<li><a href=\"http:\/\/oisp.hcmut.edu.vn\/academic-affairs\/wp-content\/uploads\/2020\/08\/192_TB-215_Thong-bao-tam-dung.pdf\" rel=\"attachment wp-att-50265 noopener noreferrer\" target=\"_blank\">192_TB 215_Th\u00f4ng b\u00e1o t\u1ea1m d\u1eebng<\/a><\/li>\n<li><a href=\"http:\/\/oisp.hcmut.edu.vn\/academic-affairs\/wp-content\/uploads\/2020\/08\/192_TB-136_Thong-bao-hoc-phi-HK192.pdf\" rel=\"attachment wp-att-50267 noopener noreferrer\" target=\"_blank\">192_TB 136_Th\u00f4ng b\u00e1o h\u1ecdc ph\u00ed HK192<\/a><\/li>\n<li><a href=\"http:\/\/oisp.hcmut.edu.vn\/academic-affairs\/wp-content\/uploads\/2020\/08\/191_TB-504_Thong-bao-hoc-phi-du-thinh-HK191.pdf\" rel=\"attachment wp-att-50269 noopener noreferrer\" target=\"_blank\">191_TB 504_Th\u00f4ng b\u00e1o h\u1ecdc ph\u00ed d\u1ef1 th\u00ednh HK191<\/a><\/li>\n<li><a href=\"http:\/\/oisp.hcmut.edu.vn\/academic-affairs\/wp-content\/uploads\/2020\/08\/191_QD-638-_Quyet-dinh-tam-dung.pdf\" rel=\"attachment wp-att-50271 noopener noreferrer\" target=\"_blank\">191_Q\u0110 638 _Quy\u1ebft \u0111\u1ecbnh t\u1ea1m d\u1eebng<\/a><\/li>\n<li><a href=\"http:\/\/oisp.hcmut.edu.vn\/academic-affairs\/wp-content\/uploads\/2020\/08\/191_TB-523_Thong-bao-tam-dung.pdf\" rel=\"attachment wp-att-50273\">191_TB 523_Th\u00f4ng b\u00e1o t\u1ea1m d\u1eebng<\/a><\/li>\n<li><a href=\"http:\/\/oisp.hcmut.edu.vn\/academic-affairs\/wp-content\/uploads\/2020\/08\/191_TB-498_Thong-bao-hoc-phi-HK191.pdf\" rel=\"attachment wp-att-50275\">191_TB 498_Th\u00f4ng b\u00e1o h\u1ecdc ph\u00ed HK191<\/a><\/li>\n<\/ul>\n<p><strong>N\u0103m h\u1ecdc 2018 \u2013 2019:<\/strong><\/p>\n<ul>\n<li><a href=\"http:\/\/oisp.hcmut.edu.vn\/academic-affairs\/wp-content\/uploads\/2020\/08\/183_QD-411_Quyet-dinh-tam-dung.pdf\" rel=\"attachment wp-att-50277\">183_Q\u0110 411_Quy\u1ebft \u0111\u1ecbnh t\u1ea1m d\u1eebng<\/a><\/li>\n<li><a href=\"http:\/\/oisp.hcmut.edu.vn\/academic-affairs\/wp-content\/uploads\/2020\/08\/183_TB-325_Thong-bao-tam-dung.pdf\" rel=\"attachment wp-att-50279\">183_TB 325_Th\u00f4ng b\u00e1o t\u1ea1m d\u1eebng<\/a><\/li>\n<li><a href=\"http:\/\/oisp.hcmut.edu.vn\/academic-affairs\/wp-content\/uploads\/2020\/08\/183_TB-279_Thong-bao-dong-hoc-phi-HK183.pdf\" rel=\"attachment wp-att-50281\">183_TB 279_Th\u00f4ng b\u00e1o \u0111\u00f3ng h\u1ecdc ph\u00ed HK183<\/a><\/li>\n<\/ul>\n<p>&nbsp;<\/p>\n<p>[\/et_pb_toggle][\/et_pb_column][\/et_pb_row][\/et_pb_section]<\/p>\n","protected":false},"excerpt":{"rendered":"<p>QUY \u0110\u1ecaNH V\u1ec0 H\u1eccC PH\u00cdThanh to\u00e1n h\u1ecdc ph\u00ed: Sinh vi\u00ean ph\u1ea3i thanh to\u00e1n to\u00e0n b\u1ed9 h\u1ecdc ph\u00ed theo th\u1eddi h\u1ea1n c\u1ee5 th\u1ec3 \u0111\u01b0\u1ee3c th\u00f4ng b\u00e1o \u1edf m\u1ed7i h\u1ecdc k\u1ef3. Sau khi k\u1ebft th\u00fac th\u1eddi h\u1ea1n thu, sinh vi\u00ean ch\u01b0a ho\u00e0n t\u1ea5t h\u1ecdc ph\u00ed s\u1ebd nh\u1eadn c\u00e1c h\u00ecnh th\u1ee9c k\u1ef7 lu\u1eadt nh\u01b0 sau: B\u1ecb bu\u1ed9c t\u1ea1m [&hellip;]<\/p>\n","protected":false},"author":1,"featured_media":0,"parent":0,"menu_order":0,"comment_status":"closed","ping_status":"closed","template":"","meta":{"_et_pb_use_builder":"on","_et_pb_old_content":"<!-- wp:divi\/placeholder \/-->","_et_gb_content_width":"","footnotes":""},"class_list":["post-37","page","type-page","status-publish","hentry"],"_links":{"self":[{"href":"https:\/\/oisp.hcmut.edu.vn\/academic-affairs\/wp-json\/wp\/v2\/pages\/37","targetHints":{"allow":["GET"]}}],"collection":[{"href":"https:\/\/oisp.hcmut.edu.vn\/academic-affairs\/wp-json\/wp\/v2\/pages"}],"about":[{"href":"https:\/\/oisp.hcmut.edu.vn\/academic-affairs\/wp-json\/wp\/v2\/types\/page"}],"author":[{"embeddable":true,"href":"https:\/\/oisp.hcmut.edu.vn\/academic-affairs\/wp-json\/wp\/v2\/users\/1"}],"replies":[{"embeddable":true,"href":"https:\/\/oisp.hcmut.edu.vn\/academic-affairs\/wp-json\/wp\/v2\/comments?post=37"}],"version-history":[{"count":6,"href":"https:\/\/oisp.hcmut.edu.vn\/academic-affairs\/wp-json\/wp\/v2\/pages\/37\/revisions"}],"predecessor-version":[{"id":50313,"href":"https:\/\/oisp.hcmut.edu.vn\/academic-affairs\/wp-json\/wp\/v2\/pages\/37\/revisions\/50313"}],"wp:attachment":[{"href":"https:\/\/oisp.hcmut.edu.vn\/academic-affairs\/wp-json\/wp\/v2\/media?parent=37"}],"curies":[{"name":"wp","href":"https:\/\/api.w.org\/{rel}","templated":true}]}}