{"id":236,"date":"2020-08-17T01:41:39","date_gmt":"2020-08-17T01:41:39","guid":{"rendered":"https:\/\/oisp.hcmut.edu.vn\/doanhoi\/?page_id=236"},"modified":"2021-09-11T10:03:43","modified_gmt":"2021-09-11T10:03:43","slug":"doan-khoi-vpdtqt","status":"publish","type":"page","link":"https:\/\/oisp.hcmut.edu.vn\/doanhoi\/doan-khoi-vpdtqt\/","title":{"rendered":"\u0110o\u00e0n kh\u1ed1i VP\u0110TQT"},"content":{"rendered":"<p>[et_pb_section fb_built=&#8221;1&#8243; next_background_color=&#8221;#ffffff&#8221; _builder_version=&#8221;4.10.6&#8243; _module_preset=&#8221;default&#8221; background_color=&#8221;#0C71C3&#8243; custom_padding=&#8221;15px||||false|false&#8221; bottom_divider_style=&#8221;arrow3&#8243; global_colors_info=&#8221;{}&#8221;][et_pb_row _builder_version=&#8221;4.10.6&#8243; _module_preset=&#8221;default&#8221; width=&#8221;100%&#8221; max_width=&#8221;1440px&#8221; global_colors_info=&#8221;{}&#8221;][et_pb_column type=&#8221;4_4&#8243; _builder_version=&#8221;4.10.6&#8243; _module_preset=&#8221;default&#8221; global_colors_info=&#8221;{}&#8221;][et_pb_text _builder_version=&#8221;4.10.7&#8243; _module_preset=&#8221;default&#8221; text_font=&#8221;|700||on|||||&#8221; text_text_color=&#8221;#FFFFFF&#8221; text_font_size=&#8221;35px&#8221; text_letter_spacing=&#8221;2px&#8221; text_line_height=&#8221;1em&#8221; text_orientation=&#8221;center&#8221; hover_enabled=&#8221;0&#8243; global_colors_info=&#8221;{}&#8221; sticky_enabled=&#8221;0&#8243;]<\/p>\n<p>T\u00ecm hi\u1ec3u th\u00f4ng tin v\u1ec1 ch\u00fang t\u00f4i<\/p>\n<p>[\/et_pb_text][\/et_pb_column][\/et_pb_row][\/et_pb_section][et_pb_section fb_built=&#8221;1&#8243; admin_label=&#8221;Fresh Ingredients&#8221; _builder_version=&#8221;4.10.7&#8243; background_enable_color=&#8221;off&#8221; custom_padding=&#8221;0px||0px||false|false&#8221; locked=&#8221;off&#8221; global_colors_info=&#8221;{}&#8221;][et_pb_row _builder_version=&#8221;4.10.7&#8243; _module_preset=&#8221;default&#8221; hover_enabled=&#8221;0&#8243; global_colors_info=&#8221;{}&#8221; width=&#8221;100%&#8221; max_width=&#8221;1440px&#8221; sticky_enabled=&#8221;0&#8243;][et_pb_column type=&#8221;4_4&#8243; _builder_version=&#8221;4.10.7&#8243; _module_preset=&#8221;default&#8221; global_colors_info=&#8221;{}&#8221;][bck_content_toggle primary_title=&#8221;\u0110O\u00c0N TNCS H\u00d4\u0300 CHI\u0301 MINH  TR\u01af\u1edcNG \u0110A\u0323I HO\u0323C B\u00c1CH KHOA&#8221; custom_primary_content=&#8221;<\/p>\n<p>\u0110o\u00e0n Thanh ni\u00ean C\u00f4\u0323ng sa\u0309n H\u1ed3 Ch\u00ed Minh Tr\u01b0\u1eddng \u0110\u1ea1i h\u1ecdc B\u00e1ch Khoa \u2013 \u0110HQG HCM (g\u1ecdi t\u1eaft l\u00e0 \u0110o\u00e0n tr\u01b0\u1eddng) l\u00e0 c\u01a1 s\u1edf \u0110o\u00e0n Qu\u1eadn, Huy\u1ec7n v\u00e0 tr\u1ef1c thu\u1ed9c \u0110o\u00e0n TNCS H\u1ed3 Ch\u00ed Minh Th\u00e0nh ph\u1ed1 H\u1ed3 Ch\u00ed Minh v\u00e0 gi\u00e1n ti\u1ebfp l\u00e0 Ban C\u00e1n s\u1ef1 \u0110o\u00e0n \u0110HQG-HCM.<\/p>\n<p>Nhi\u1ec7m v\u1ee5 c\u1ee7a \u0110o\u00e0n tr\u01b0\u1eddng:<\/p>\n<ul>\n<li>T\u1ed5 ch\u1ee9c th\u1ef1c hi\u1ec7n c\u00f4ng t\u00e1c gi\u00e1o d\u1ee5c truy\u1ec1n th\u1ed1ng, gi\u00e1o d\u1ee5c l\u1ecbch s\u1eed, l\u00fd t\u01b0\u1edfng c\u00e1ch m\u1ea1ng; gi\u00e1o d\u1ee5c \u0111\u1ea1o \u0111\u1ee9c, l\u1ed1i s\u1ed1ng v\u00e0 nh\u00e2n c\u00e1ch trong thanh ni\u00ean v\u00e0 sinh vi\u00ean.<\/li>\n<li>T\u1ed5 ch\u1ee9c c\u00e1c ho\u1ea1t \u0111\u1ed9ng phong tr\u00e0o th\u00fac \u0111\u1ea9y phong tr\u00e0o h\u1ecdc t\u1eadp, nghi\u00ean c\u1ee9u khoa h\u1ecdc v\u00e0 gi\u1ea3ng d\u1ea1y trong sinh vi\u00ean v\u00e0 c\u00e1n b\u1ed9 tr\u1ebb.<br \/>T\u1ed5 ch\u1ee9c c\u00e1c ho\u1ea1t \u0111\u1ed9ng ch\u0103m lo v\u00e0 \u0111\u1ea3m b\u1ea3o quy\u1ec1n l\u1ee3i ch\u00ednh \u0111\u00e1ng c\u1ee7a \u0111o\u00e0n vi\u00ean.<\/li>\n<li>T\u1ed5 ch\u1ee9c c\u00e1c ho\u1ea1t \u0111\u1ed9ng phong tr\u00e0o, h\u00e0nh \u0111\u1ed9ng c\u00e1ch m\u1ea1ng, qua \u0111\u00f3 t\u1ea1o m\u00f4i tr\u01b0\u1eddng r\u00e8n luy\u1ec7n t\u00edch c\u1ef1c \u0111\u1ec3 thanh ni\u00ean, sinh vi\u00ean d\u1ea5n th\u00e2n, ph\u1ea5n \u0111\u1ea5u, r\u00e8n luy\u1ec7n n\u0103ng l\u1ef1c c\u00f4ng t\u00e1c qu\u1ea7n ch\u00fang, nh\u00e2n c\u00e1ch v\u00e0 b\u1ea3n l\u0129nh x\u00e3 h\u1ed9i; gi\u00fap thanh ni\u00ean, sinh vi\u00ean nh\u1eadn th\u1ee9c \u0111\u01b0\u1ee3c vai tr\u00f2, tr\u00e1ch nhi\u1ec7m c\u1ee7a tu\u1ed5i tr\u1ebb \u0111\u1ed1i v\u1edbi gia \u0111\u00ecnh, nh\u00e0 tr\u01b0\u1eddng, x\u00e3 h\u1ed9i v\u00e0 \u0111\u1ea5t n\u01b0\u1edbc.<\/li>\n<li>Tuy\u00ean truy\u1ec1n x\u00e2y d\u1ef1ng t\u1ed5 ch\u1ee9c \u0110o\u00e0n v\u1eefng m\u1ea1nh, l\u00e0 n\u00f2ng c\u1ed1t x\u00e2y d\u1ef1ng v\u00e0 ph\u00e1t tri\u1ec3n H\u1ed9i sinh vi\u00ean Vi\u1ec7t Nam tr\u01b0\u1eddng.<br \/>R\u00e8n luy\u1ec7n, b\u1ed3i d\u01b0\u1ee1ng v\u00e0 gi\u1edbi thi\u1ec7u \u0110o\u00e0n vi\u00ean \u1ee9u t\u00fa cho t\u1ed5 ch\u1ee9c \u0110\u1ea3ng xem x\u00e9t v\u00e0 k\u1ebft n\u1ea1p.<\/li>\n<\/ul>\n<p>Website \u0110o\u00e0n tr\u01b0\u1eddng: http:\/\/tuoitrebachkhoa.hcmut.edu.vn\/<\/p>\n<p>&#8221; secondary_title=&#8221;\u0110O\u00c0N KH\u1ed0I V\u0102N PH\u00d2NG \u0110\u00c0O T\u1ea0O QU\u1ed0C T\u1ebe&#8221; custom_secondary_content=&#8221;<\/p>\n<p>\u0110o\u00e0n kh\u1ed1i V\u0103n ph\u00f2ng \u0110\u00e0o t\u1ea1o Qu\u1ed1c t\u1ebf (g\u1ecdi t\u1eaft l\u00e0 \u0110o\u00e0n kh\u1ed1i VP\u0110TQT) l\u00e0 c\u01a1 s\u1edf \u0110o\u00e0n tr\u1ef1c thu\u1ed9c \u0110o\u00e0n TNCS H\u1ed3 Ch\u00ed Minh Tr\u01b0\u1eddng \u0110\u1ea1i h\u1ecdc B\u00e1ch Khoa \u2013 \u0110HQG HCM, \u0111a\u0323i di\u00ea\u0323n cho t\u00e2\u0301t ca\u0309 sinh vi\u00ean \u0111ang ho\u0323c t\u00e2\u0323p ta\u0323i V\u0103n pho\u0300ng \u0110a\u0300o ta\u0323o qu\u00f4\u0301c t\u00ea\u0301.<\/p>\n<p>Tha\u0300nh l\u00e2\u0323p va\u0300o tha\u0301ng 07\/2011, tra\u0309i qua h\u01a1n 10 n\u0103m hi\u0300nh tha\u0300nh va\u0300 pha\u0301t tri\u00ea\u0309n, \u0110o\u00e0n kh\u1ed1i VP\u0110TQT \u0111\u00e3 c\u00f3 nh\u1eefng b\u01b0\u1edbc ti\u1ebfn trong c\u00e1c ho\u1ea1t \u0111\u1ed9ng, phong tr\u00e0o c\u0169ng nh\u01b0 x\u00e2y d\u1ef1ng h\u00ecnh \u1ea3nh sinh vi\u00ean VP\u0110TQT gio\u0309i chuy\u00ean m\u00f4n, v\u01b0\u0303ng t\u01b0 t\u01b0\u01a1\u0309ng chi\u0301nh tri\u0323, n\u0103ng \u0111\u00f4\u0323ng trong ca\u0301c hoa\u0323t \u0111\u00f4\u0323ng c\u00f4\u0323ng \u0111\u00f4\u0300ng va\u0300 h\u00f4\u0323i nh\u00e2\u0323p qu\u00f4\u0301c t\u00ea\u0301. \u0110oa\u0300n kh\u00f4\u0301i la\u0300 \u0111\u01a1n vi\u0323 c\u00e2\u0301p Khoa\/VP tri\u00ea\u0309n khai va\u0300 h\u00f4\u0303 tr\u01a1\u0323 th\u01b0\u0323c hi\u00ea\u0323n ch\u01b0\u01a1ng tri\u0300nh 15 nga\u0300y C\u00f4ng ta\u0301c xa\u0303 h\u00f4\u0323i cu\u0309a sinh vi\u00ean.<\/p>\n<p>Ban Ch\u1ea5p h\u00e0nh (BCH) \u0110o\u00e0n kh\u1ed1i lu\u00f4n c\u00f3 \u00fd t\u01b0\u1edfng \u0111\u1ed9c \u0111\u00e1o \u0111\u1ec3 tuy\u1ec3n ch\u1ecdn c\u00e1c b\u1ea1n BCH k\u1ebf th\u1eeba m\u1ed7i n\u0103m theo c\u00e1c ho\u1ea1t \u0111\u1ed9ng v\u00e0 ph\u01b0\u01a1ng th\u1ee9c ri\u00eang nh\u1eb1m t\u00ecm ra nh\u1eefng \u1ee9ng c\u1eed vi\u00ean n\u0103ng \u0111\u1ed9ng, t\u00edch c\u1ef1c v\u00e0 \u0111\u1ea7y ti\u1ec1m n\u0103ng \u0111\u1ec3 ph\u00e1t tri\u1ec3n.<\/p>\n<p>C\u00e1c ho\u1ea1t \u0111\u1ed9ng c\u1ee7a \u0110o\u00e0n kh\u1ed1i v\u00e0 Li\u00ean Chi h\u1ed9i sinh vi\u00ean V\u0103n ph\u00f2ng \u0110\u00e0o t\u1ea1o Qu\u1ed1c t\u1ebf lu\u00f4n ph\u1ed1i h\u1ee3p ch\u1eb7t ch\u1ebd v\u1edbi nhau nh\u1eb1m t\u1ea1o ra ch\u1ea5t l\u01b0\u1ee3ng hi\u1ec7u qu\u1ea3 cao nh\u1ea5t trong ho\u1ea1t \u0111\u1ed9ng, phong tr\u00e0o, ph\u00e1t huy tinh th\u1ea7n chung v\u00e0 \u0111\u00e1p \u1ee9ng nhu c\u1ea7u c\u1ee7a sinh vi\u00ean.<\/p>\n<p>Ban Ch\u1ea5p h\u00e0nh \u0110o\u00e0n kh\u1ed1i bao g\u1ed3m 15 tha\u0300nh vi\u00ean g\u00f4\u0300m: 01 B\u00ed th\u01b0, 03 Ph\u00f3 B\u00ed th\u01b0 va\u0300 11 u\u0309y vi\u00ean phu\u0323 tra\u0301ch ca\u0301c Ban chuy\u00ean m\u00f4n kha\u0301c nhau. Hi\u00ea\u0323n ta\u0323i, \u0110oa\u0300n kh\u00f4\u0301i co\u0301 55 Chi \u0110o\u00e0n sinh vi\u00ean. MEDIA OYU \u0111o\u0301ng vai tro\u0300 Ban truy\u00ea\u0309n th\u00f4ng cho ca\u0301c hoa\u0323t \u0111\u00f4\u0323ng cu\u0309a \u0110oa\u0300n &#8211; H\u00f4\u0323i.<\/p>\n<p>&#8221; switcher_bg_primary=&#8221;#f5f5f5&#8243; switcher_bg_secondary=&#8221;#f5f5f5&#8243; trigger_bg=&#8221;#0C71C3&#8243; primary_content_bg=&#8221;#f5f5f5&#8243; primary_content_radius=&#8221;15px&#8221; secondary_content_bg=&#8221;#f5f5f5&#8243; secondary_content_radius=&#8221;15px&#8221; _builder_version=&#8221;4.10.7&#8243; _module_preset=&#8221;default&#8221; primary_title_font=&#8221;|700||on|||||&#8221; primary_title_text_color=&#8221;#0C71C3&#8243; primary_title_font_size=&#8221;18px&#8221; secondary_title_font=&#8221;|700|||||||&#8221; secondary_title_text_color=&#8221;#0C71C3&#8243; secondary_title_font_size=&#8221;18px&#8221; secondary_title_letter_spacing=&#8221;1px&#8221; body_font=&#8221;Open Sans||||||||&#8221; body_text_align=&#8221;justify&#8221; body_text_color=&#8221;#012060&#8243; body_font_size=&#8221;16px&#8221; body_line_height=&#8221;1.8em&#8221; border_color_top=&#8221;#0C71C3&#8243; global_colors_info=&#8221;{}&#8221;][\/bck_content_toggle][\/et_pb_column][\/et_pb_row][\/et_pb_section]<\/p>\n","protected":false},"excerpt":{"rendered":"<p>T\u00ecm hi\u1ec3u th\u00f4ng tin v\u1ec1 ch\u00fang t\u00f4i<div class=\"et_pb_module bck_content_toggle bck_content_toggle_0\">\n\t\t\t\t\n\t\t\t\t\n\t\t\t\t\n\t\t\t\t\n\t\t\t\t\n\t\t\t\t\n\t\t\t\t<div class=\"et_pb_module_inner\">\n\t\t\t\t\t<div class=\"bck-content-toggle\">\r\n                <div class=\"bck-content-toggle-header\">\r\n                    <div class=\"bck-toggle\">\r\n                        <div class=\"bck-toggle-left\">\r\n                            <h5 class=\"bck-toggle-head-1\">\r\n\t\t\t\t\t<label for=\"bck-input-0\">&#8221;\u0110O\u00c0N<\/label>\r\n\t\t\t\t  <\/h5>\r\n                        <\/div>\r\n                        <div class=\"bck-toggle-btn\">\r\n                            <label class=\"bck-switch-label\" for=\"bck-input-0\">\r\n                                <input id=\"bck-input-0\"  class=\"bck-content-toggle-input bck-input bck-toggle-switch\" type=\"checkbox\" \/>\r\n                                <span class=\"bck-switch-inner\"><\/span>\r\n                            <\/label>\r\n                        <\/div>\r\n                        <div class=\"bck-toggle-right\">\r\n\t\t\t\t\t\t\t<h5 class=\"bck-toggle-head-2\">\r\n\t\t\t\t\t<label for=\"bck-input-0\">Secondary<\/label>\r\n\t\t\t\t  <\/h5>\r\n                        <\/div>\r\n                    <\/div>\r\n                <\/div>\r\n\r\n                <div class=\"bck-content-toggle-body\">\r\n                    <div class=\"bck-content-toggle-front bck-entry-content\">\r\n                    &#8221;\u0110o\u00e0n\r\n                <\/div> <div class=\"bck-content-toggle-back bck-entry-content\" style=\"display: none\">\r\n                    \r\n                <\/div>\r\n                <\/div>\r\n            <\/div>\n\t\t\t\t<\/div>\n\t\t\t<\/div><\/p>\n","protected":false},"author":6,"featured_media":0,"parent":0,"menu_order":0,"comment_status":"closed","ping_status":"closed","template":"","meta":{"_et_pb_use_builder":"on","_et_pb_old_content":"","_et_gb_content_width":"","footnotes":""},"class_list":["post-236","page","type-page","status-publish","hentry"],"_links":{"self":[{"href":"https:\/\/oisp.hcmut.edu.vn\/doanhoi\/wp-json\/wp\/v2\/pages\/236","targetHints":{"allow":["GET"]}}],"collection":[{"href":"https:\/\/oisp.hcmut.edu.vn\/doanhoi\/wp-json\/wp\/v2\/pages"}],"about":[{"href":"https:\/\/oisp.hcmut.edu.vn\/doanhoi\/wp-json\/wp\/v2\/types\/page"}],"author":[{"embeddable":true,"href":"https:\/\/oisp.hcmut.edu.vn\/doanhoi\/wp-json\/wp\/v2\/users\/6"}],"replies":[{"embeddable":true,"href":"https:\/\/oisp.hcmut.edu.vn\/doanhoi\/wp-json\/wp\/v2\/comments?post=236"}],"version-history":[{"count":38,"href":"https:\/\/oisp.hcmut.edu.vn\/doanhoi\/wp-json\/wp\/v2\/pages\/236\/revisions"}],"predecessor-version":[{"id":52311,"href":"https:\/\/oisp.hcmut.edu.vn\/doanhoi\/wp-json\/wp\/v2\/pages\/236\/revisions\/52311"}],"wp:attachment":[{"href":"https:\/\/oisp.hcmut.edu.vn\/doanhoi\/wp-json\/wp\/v2\/media?parent=236"}],"curies":[{"name":"wp","href":"https:\/\/api.w.org\/{rel}","templated":true}]}}