{"id":50297,"date":"2020-03-23T13:46:19","date_gmt":"2020-03-23T13:46:19","guid":{"rendered":"https:\/\/oisp.hcmut.edu.vn\/sac\/?page_id=50297"},"modified":"2020-12-01T03:09:02","modified_gmt":"2020-12-01T03:09:02","slug":"swinburne-university","status":"publish","type":"page","link":"https:\/\/oisp.hcmut.edu.vn\/sac\/diem-den\/uc\/swinburne-university\/","title":{"rendered":"Swinburne University"},"content":{"rendered":"<p>[et_pb_section fb_built=&#8221;1&#8243; fullwidth=&#8221;on&#8221; custom_padding_last_edited=&#8221;on|phone&#8221; _builder_version=&#8221;4.4.1&#8243; background_enable_color=&#8221;off&#8221; use_background_color_gradient=&#8221;on&#8221; background_color_gradient_start=&#8221;rgba(0,0,0,0.5)&#8221; background_color_gradient_end=&#8221;rgba(0,0,0,0.28)&#8221; background_color_gradient_overlays_image=&#8221;on&#8221; background_image=&#8221;https:\/\/oisp.hcmut.edu.vn\/sac\/wp-content\/uploads\/2020\/03\/HCMUT-SAC_SU_Swinburne-University_banner.jpg&#8221; custom_padding=&#8221;200px||200px||false|false&#8221; custom_padding_tablet=&#8221;50px||50px||false|false&#8221; custom_padding_phone=&#8221;&#8221;][et_pb_fullwidth_header title=&#8221;Swinburne University&#8221; _builder_version=&#8221;4.4.0&#8243; title_font=&#8221;|800||on|||||&#8221; title_font_size=&#8221;48px&#8221; title_line_height=&#8221;1.4em&#8221; background_enable_color=&#8221;off&#8221; title_font_size_tablet=&#8221;32px&#8221; title_font_size_phone=&#8221;&#8221; title_font_size_last_edited=&#8221;on|phone&#8221;][\/et_pb_fullwidth_header][\/et_pb_section][et_pb_section fb_built=&#8221;1&#8243; _builder_version=&#8221;4.4.0&#8243;][et_pb_row _builder_version=&#8221;4.4.0&#8243;][et_pb_column type=&#8221;4_4&#8243; _builder_version=&#8221;4.4.0&#8243;][et_pb_accordion _builder_version=&#8221;4.4.1&#8243;][et_pb_accordion_item title=&#8221;Th\u00f4ng tin t\u1ed5ng quan&#8221; open=&#8221;off&#8221; open_toggle_text_color=&#8221;#0c71c3&#8243; open_toggle_background_color=&#8221;rgba(0,199,255,0.12)&#8221; icon_color=&#8221;#00aeef&#8221; _builder_version=&#8221;4.4.1&#8243; text_orientation=&#8221;justified&#8221; border_color_all=&#8221;#00aeef&#8221; toggle_font=&#8221;|800||on|||||&#8221; closed_toggle_font=&#8221;|600||on|||||&#8221;]<\/p>\n<p><span>\u0110\u01b0\u1ee3c th\u00e0nh l\u1eadp v\u00e0o n\u0103m 1908, Swinburne University of Technology l\u00e0 tr\u01b0\u1eddng \u0111\u1ea1i h\u1ecdc \u0111\u1eb3ng c\u1ea5p to\u00e0n c\u1ea7u mang l\u1ea1i nh\u1eefng t\u00e1c \u0111\u1ed9ng kinh t\u1ebf v\u00e0 x\u00e3 h\u1ed9i th\u00f4ng qua khoa h\u1ecdc, c\u00f4ng ngh\u1ec7 v\u00e0 s\u00e1ng t\u1ea1o.<\/span><\/p>\n<p>\u0110\u01b0\u1ee3c ch\u00ednh th\u1ee9c c\u00f4ng nh\u1eadn l\u00e0 tr\u01b0\u1eddng \u0111\u1ea1i h\u1ecdc v\u00e0o n\u0103m 1992, Swinburne \u0111\u00e3 \u0111\u01b0\u1ee3c qu\u1ed1c t\u1ebf vinh danh l\u00e0 m\u1ed9t trong tr\u01b0\u1eddng \u0111\u1ea1i h\u1ecdc tr\u1ebb nh\u1ea5t th\u1ebf gi\u1edbi: x\u1ebfp th\u1ee9 45 trong Top 50 tr\u01b0\u1eddng \u0110\u1ea1i h\u1ecdc d\u01b0\u1edbi 50 n\u0103m th\u00e0nh l\u1eadp (Top 50 Under 50) b\u1edfi QS University Rankings 2021, th\u1ee9 63 t\u1ea1i 2020 THE Young University Rankings trong s\u1ed1 250 t\u1ed5 ch\u1ee9c gi\u00e1o d\u1ee5c kh\u00e1c.<\/p>\n<p>Swinburne c\u0169ng n\u1eb1m trong top 300 tr\u01b0\u1eddng \u0111\u1ea1i h\u1ecdc h\u00e0ng \u0111\u1ea7u th\u1ebf gi\u1edbi theo Academic Ranking of World Universities, c\u00f3 m\u1eb7t trong top 1,5% c\u00e1c tr\u01b0\u1eddng \u0111\u1ea1i h\u1ecdc th\u1ebf gi\u1edbi v\u00e0 top 10 c\u00e1c tr\u01b0\u1eddng \u0111\u1ea1i h\u1ecdc \u1edf \u00dac.<\/p>\n<p>Tr\u01b0\u1eddng x\u1ebfp th\u1ee9 45 b\u1edfi QS University Rankings Top 50 Under 50 n\u0103m 2019, th\u1ee9 81 t\u1ea1i 2019 The Young University Rankings, v\u00e0 l\u00e0 ng\u00f4i tr\u01b0\u1eddng c\u00f3 m\u1eb7t trong top 3% c\u00e1c tr\u01b0\u1eddng \u0111\u1ea1i h\u1ecdc to\u00e0n c\u1ea7u theo Academic Ranking of World Universities 2018.<\/p>\n<p>&nbsp;<\/p>\n<p>[\/et_pb_accordion_item][et_pb_accordion_item title=&#8221;H\u1ecdc ph\u00ed trung b\u00ecnh&#8221; open_toggle_text_color=&#8221;#0c71c3&#8243; open_toggle_background_color=&#8221;rgba(0,199,255,0.12)&#8221; icon_color=&#8221;#00aeef&#8221; _builder_version=&#8221;4.4.1&#8243; text_orientation=&#8221;justified&#8221; border_color_all=&#8221;#00aeef&#8221; toggle_font=&#8221;|800||on|||||&#8221; closed_toggle_font=&#8221;|600||on|||||&#8221; open=&#8221;off&#8221;]<\/p>\n<p>\u2013 H\u1ecdc ph\u00ed \u01b0\u1edbc t\u00ednh c\u1ee7a DU : ~ 543.000.000 \u0111\u1ed3ng\/n\u0103m (\u0110\u1ea1i h\u1ecdc);\u00a0~ 572.000.000 \u0111\u1ed3ng\/n\u0103m (Cao h\u1ecdc);<\/p>\n<p>\u2013 Sinh ho\u1ea1t ph\u00ed \u01b0\u1edbc t\u00ednh t\u1ea1i \u00dac: ~ 170.000.000 \u2013 270.000.000 \u0111\u1ed3ng\/n\u0103m<\/p>\n<p><span><em>(Sinh ho\u1ea1t ph\u00ed bao g\u1ed3m c\u00e1c kho\u1ea3n chi ti\u00eau cho l\u01b0u tr\u00fa, \u0103n u\u1ed1ng, \u0111i l\u1ea1i, b\u1ea3o hi\u1ec3m, \u0111i\u1ec7n, n\u01b0\u1edbc, gas, internet, ti\u1ec7n \u00edch kh\u00e1c\u2026 Sinh ho\u1ea1t ph\u00ed\u00a0mang t\u00ednh ch\u1ea5t tham kh\u1ea3o, d\u1ef1a tr\u00ean kinh nghi\u1ec7m t\u1eeb SV B\u00e1ch khoa Qu\u1ed1c t\u1ebf t\u1ea1i \u00dac. C\u00e1c kho\u1ea3n chi ti\u00eau th\u1ef1c t\u1ebf c\u00f3 th\u1ec3 thay \u0111\u1ed5i t\u00f9y theo k\u1ebf ho\u1ea1ch c\u1ee7a t\u1eebng SV. Th\u1eddi \u0111i\u1ec3m c\u1eadp nh\u1eadt: 3\/2020.<\/em><\/span><span><em>)<\/em><\/span><\/p>\n<p>[\/et_pb_accordion_item][et_pb_accordion_item title=&#8221;C\u00e1c Ng\u00e0nh \u0111\u00e0o t\u1ea1o&#8221; open_toggle_text_color=&#8221;#0c71c3&#8243; open_toggle_background_color=&#8221;rgba(0,199,255,0.12)&#8221; icon_color=&#8221;#00aeef&#8221; _builder_version=&#8221;4.4.1&#8243; text_orientation=&#8221;justified&#8221; border_color_all=&#8221;#00aeef&#8221; toggle_font=&#8221;|800||on|||||&#8221; closed_toggle_font=&#8221;|600||on|||||&#8221; open=&#8221;off&#8221;]<\/p>\n<ul>\n<li>Khoa h\u1ecdc \u1ee8ng d\u1ee5ng v\u00e0 C\u00f4ng ngh\u1ec7.<\/li>\n<li>Kinh doanh.<\/li>\n<li>\u0110\u1ed5i m\u1edbi v\u00e0 Qu\u1ea3n tr\u1ecb.<\/li>\n<li>Thi\u1ebft k\u1ebf.<\/li>\n<li>M\u00e1y t\u00ednh v\u00e0 C\u00f4ng ngh\u1ec7 Th\u00f4ng tin.<\/li>\n<li>C\u00f4ng tr\u00ecnh v\u00e0 K\u1ef9 thu\u1eadt.<\/li>\n<li>\u0110i\u1ec7n \u1ea3nh v\u00e0 Truy\u1ec1n h\u00ecnh.<\/li>\n<li>Kh\u00e1ch s\u1ea1n v\u00e0 Du l\u1ecbch.<\/li>\n<li>T\u00e2m l\u00fd h\u1ecdc v\u00e0 D\u1ecbch v\u1ee5 Nh\u00e2n sinh.<\/li>\n<li>Truy\u1ec1n th\u00f4ng \u0110a ph\u01b0\u01a1ng ti\u1ec7n.<\/li>\n<\/ul>\n<p>[\/et_pb_accordion_item][et_pb_accordion_item title=&#8221;Y\u00eau c\u1ea7u ti\u1ebfng Anh&#8221; open_toggle_text_color=&#8221;#0c71c3&#8243; open_toggle_background_color=&#8221;rgba(0,199,255,0.12)&#8221; icon_color=&#8221;#00aeef&#8221; _builder_version=&#8221;4.4.1&#8243; text_orientation=&#8221;justified&#8221; border_color_all=&#8221;#00aeef&#8221; toggle_font=&#8221;|800||on|||||&#8221; closed_toggle_font=&#8221;|600||on|||||&#8221; open=&#8221;off&#8221;]<\/p>\n<p><span>\u2022\u00a0<\/span><span>IELTS 6.0<\/span><\/p>\n<p><span>\u2022\u00a0<\/span><span>TOFEL iBT 79<\/span><\/p>\n<p>[\/et_pb_accordion_item][et_pb_accordion_item title=&#8221;H\u1ecdc b\u1ed5ng&#8221; open_toggle_text_color=&#8221;#0c71c3&#8243; open_toggle_background_color=&#8221;rgba(0,199,255,0.12)&#8221; icon_color=&#8221;#00aeef&#8221; _builder_version=&#8221;4.4.1&#8243; text_orientation=&#8221;justified&#8221; border_color_all=&#8221;#00aeef&#8221; toggle_font=&#8221;|800||on|||||&#8221; closed_toggle_font=&#8221;|600||on|||||&#8221; open=&#8221;on&#8221;]<\/p>\n<p><strong>\u2666 H\u1ecdc b\u1ed5ng N\u0103m D\u1ef1 b\u1ecb &#8211; Ch\u1ee9ng ch\u1ec9 UniLink:<\/strong>\u00a0tr\u1ecb gi\u00e1 t\u1eeb 2.500 \u0111\u1ebfn 5.000 AUD s\u1ebd \u0111\u01b0\u1ee3c c\u1ea5p cho nh\u1eefng \u1ee9ng vi\u00ean \u0111\u1ee7 \u0111i\u1ec1u ki\u1ec7n v\u00e0 \u1ee9ng tuy\u1ec3n ch\u01b0\u01a1ng tr\u00ecnh N\u0103m D\u1ef1 B\u1ecb &#8211; Ch\u1ee9ng ch\u1ec9 UniLink v\u1edbi b\u1eb1ng c\u1eed nh\u00e2n c\u1ee7a tr\u01b0\u1eddng.<\/p>\n<p><strong>\u2666 H\u1ecdc b\u1ed5ng c\u1eed nh\u00e2n<\/strong>: 10 \u0111\u1ebfn 25 ph\u1ea7n tr\u0103m h\u1ecdc ph\u00ed, v\u1edbi tr\u1ecb gi\u00e1 l\u00ean t\u1edbi 38.000 AUD d\u00e0nh cho nh\u1eefng \u1ee9ng vi\u00ean \u0111\u1ee7 \u0111i\u1ec1u ki\u1ec7n v\u00e0 \u0111\u0103ng k\u00fd theo h\u1ecdc c\u00e1c ch\u01b0\u01a1ng tr\u00ecnh c\u1eed nh\u00e2n c\u1ee7a tr\u01b0\u1eddng (ngo\u1ea1i tr\u1eeb ch\u01b0\u01a1ng tr\u00ecnh C\u1eed nh\u00e2n H\u00e0ng kh\u00f4ng v\u00e0 Phi c\u00f4ng, v\u00e0 ch\u01b0\u01a1ng tr\u00ecnh k\u00e9p C\u1eed nh\u00e2n H\u00e0ng kh\u00f4ng v\u00e0 Phi c\u00f4ng\/C\u1eed nh\u00e2n kinh doanh).<\/p>\n<p><strong>\u2666 H\u1ecdc b\u1ed5ng cao h\u1ecdc<\/strong>: 10 \u0111\u1ebfn 25 ph\u1ea7n tr\u0103m h\u1ecdc ph\u00ed, v\u1edbi tr\u1ecb gi\u00e1 l\u00ean t\u1edbi 21.000 AUD cho nh\u1eefng \u1ee9ng vi\u00ean \u0111\u1ee7 \u0111i\u1ec1u ki\u1ec7n v\u00e0 \u0111\u0103ng k\u00fd theo h\u1ecdc ch\u01b0\u01a1ng tr\u00ecnh th\u1ea1c s\u0129 k\u00e9o d\u00e0i 2 n\u0103m c\u1ee7a c\u00e1c kh\u00f3a h\u1ecdc theo h\u1ec7 gi\u1ea3ng d\u1ea1y tr\u00ean l\u1edbp. B\u00ean c\u1ea1nh \u0111\u00f3 c\u00f2n c\u00f3 m\u1ed9t kho\u1ea3n h\u1ecdc b\u1ed5ng c\u1ed1 \u0111\u1ecbnh tr\u1ecb gi\u00e1 2.500 AUD d\u00e0nh cho nh\u1eefng \u1ee9ng vi\u00ean \u0111\u1ee7 \u0111i\u1ec1u ki\u1ec7n v\u00e0 \u0111\u0103ng k\u00fd v\u00e0o ch\u01b0\u01a1ng tr\u00ecnh Th\u1ea1c s\u0129 C\u00f4ng ngh\u1ec7 Th\u00f4ng tin (M\u00e1y t\u00ednh chuy\u00ean nghi\u1ec7p) v\u00e0 Th\u1ea1c s\u0129 Khoa h\u1ecdc (H\u1ec7 th\u1ed1ng m\u1ea1ng)<\/p>\n<p><em>\u0110\u1ea1i h\u1ecdc Deakin lu\u00f4n c\u00f3 c\u00e1c h\u1ecdc b\u1ed5ng c\u0169ng nh\u01b0 h\u1ed7 tr\u1ee3 v\u1ec1 t\u00e0i ch\u00ednh cho sinh vi\u00ean, chi ti\u1ebft vui l\u00f2ng xem t\u1ea1i<span>\u00a0<\/span><a href=\"https:\/\/www.swinburne.edu.au\/\">trang web tr\u01b0\u1eddng<\/a><span>\u00a0<\/span>ho\u1eb7c<span>\u00a0<\/span><a href=\"https:\/\/oisp.hcmut.edu.vn\/sac\/thong-tin-du-hoc\/\">li\u00ean h\u1ec7 t\u01b0 v\u1ea5n<\/a>.<\/em><\/p>\n<p>&nbsp;<\/p>\n<p>[\/et_pb_accordion_item][\/et_pb_accordion][\/et_pb_column][\/et_pb_row][\/et_pb_section]<\/p>\n","protected":false},"excerpt":{"rendered":"<p>\u0110\u01b0\u1ee3c th\u00e0nh l\u1eadp v\u00e0o n\u0103m 1908, Swinburne University of Technology l\u00e0 tr\u01b0\u1eddng \u0111\u1ea1i h\u1ecdc \u0111\u1eb3ng c\u1ea5p to\u00e0n c\u1ea7u mang l\u1ea1i nh\u1eefng t\u00e1c \u0111\u1ed9ng kinh t\u1ebf v\u00e0 x\u00e3 h\u1ed9i th\u00f4ng qua khoa h\u1ecdc, c\u00f4ng ngh\u1ec7 v\u00e0 s\u00e1ng t\u1ea1o. \u0110\u01b0\u1ee3c ch\u00ednh th\u1ee9c c\u00f4ng nh\u1eadn l\u00e0 tr\u01b0\u1eddng \u0111\u1ea1i h\u1ecdc v\u00e0o n\u0103m 1992, Swinburne \u0111\u00e3 \u0111\u01b0\u1ee3c qu\u1ed1c t\u1ebf vinh [&hellip;]<\/p>\n","protected":false},"author":1,"featured_media":0,"parent":49688,"menu_order":0,"comment_status":"closed","ping_status":"closed","template":"","meta":{"_et_pb_use_builder":"on","_et_pb_old_content":"","_et_gb_content_width":"","footnotes":""},"class_list":["post-50297","page","type-page","status-publish","hentry"],"_links":{"self":[{"href":"https:\/\/oisp.hcmut.edu.vn\/sac\/wp-json\/wp\/v2\/pages\/50297","targetHints":{"allow":["GET"]}}],"collection":[{"href":"https:\/\/oisp.hcmut.edu.vn\/sac\/wp-json\/wp\/v2\/pages"}],"about":[{"href":"https:\/\/oisp.hcmut.edu.vn\/sac\/wp-json\/wp\/v2\/types\/page"}],"author":[{"embeddable":true,"href":"https:\/\/oisp.hcmut.edu.vn\/sac\/wp-json\/wp\/v2\/users\/1"}],"replies":[{"embeddable":true,"href":"https:\/\/oisp.hcmut.edu.vn\/sac\/wp-json\/wp\/v2\/comments?post=50297"}],"version-history":[{"count":0,"href":"https:\/\/oisp.hcmut.edu.vn\/sac\/wp-json\/wp\/v2\/pages\/50297\/revisions"}],"up":[{"embeddable":true,"href":"https:\/\/oisp.hcmut.edu.vn\/sac\/wp-json\/wp\/v2\/pages\/49688"}],"wp:attachment":[{"href":"https:\/\/oisp.hcmut.edu.vn\/sac\/wp-json\/wp\/v2\/media?parent=50297"}],"curies":[{"name":"wp","href":"https:\/\/api.w.org\/{rel}","templated":true}]}}