{"id":50373,"date":"2020-03-29T08:48:55","date_gmt":"2020-03-29T08:48:55","guid":{"rendered":"https:\/\/oisp.hcmut.edu.vn\/sac\/?page_id=50373"},"modified":"2020-03-29T09:02:23","modified_gmt":"2020-03-29T09:02:23","slug":"rutgers-university","status":"publish","type":"page","link":"https:\/\/oisp.hcmut.edu.vn\/sac\/diem-den\/my\/rutgers-university\/","title":{"rendered":"Rutgers University"},"content":{"rendered":"<p>[et_pb_section fb_built=&#8221;1&#8243; fullwidth=&#8221;on&#8221; custom_padding_last_edited=&#8221;on|phone&#8221; _builder_version=&#8221;4.4.2&#8243; background_enable_color=&#8221;off&#8221; use_background_color_gradient=&#8221;on&#8221; background_color_gradient_start=&#8221;rgba(0,0,0,0.5)&#8221; background_color_gradient_end=&#8221;rgba(0,0,0,0.28)&#8221; background_color_gradient_overlays_image=&#8221;on&#8221; background_image=&#8221;https:\/\/oisp.hcmut.edu.vn\/sac\/wp-content\/uploads\/2020\/03\/HCMUT-SAC_RU_Rutgers-University_banner.jpg&#8221; custom_padding=&#8221;200px||200px||false|false&#8221; custom_padding_tablet=&#8221;50px||50px||false|false&#8221; custom_padding_phone=&#8221;&#8221; hover_enabled=&#8221;0&#8243;][et_pb_fullwidth_header title=&#8221;Rutgers University&#8221; _builder_version=&#8221;4.4.0&#8243; title_font=&#8221;|800||on|||||&#8221; title_font_size=&#8221;48px&#8221; title_line_height=&#8221;1.4em&#8221; background_enable_color=&#8221;off&#8221; title_font_size_tablet=&#8221;32px&#8221; title_font_size_phone=&#8221;&#8221; title_font_size_last_edited=&#8221;on|phone&#8221;][\/et_pb_fullwidth_header][\/et_pb_section][et_pb_section fb_built=&#8221;1&#8243; _builder_version=&#8221;4.4.0&#8243;][et_pb_row _builder_version=&#8221;4.4.0&#8243;][et_pb_column type=&#8221;4_4&#8243; _builder_version=&#8221;4.4.0&#8243;][et_pb_accordion _builder_version=&#8221;4.4.2&#8243; hover_enabled=&#8221;0&#8243;][et_pb_accordion_item title=&#8221;Th\u00f4ng tin t\u1ed5ng quan&#8221; open=&#8221;on&#8221; open_toggle_text_color=&#8221;#0c71c3&#8243; open_toggle_background_color=&#8221;rgba(0,199,255,0.12)&#8221; icon_color=&#8221;#00aeef&#8221; _builder_version=&#8221;4.4.2&#8243; text_orientation=&#8221;justified&#8221; hover_enabled=&#8221;0&#8243; border_color_all=&#8221;#00aeef&#8221; toggle_font=&#8221;|800||on|||||&#8221; closed_toggle_font=&#8221;|600||on|||||&#8221;]<\/p>\n<p>\u0110\u1ea1i h\u1ecdc Rutgers l\u00e0 tr\u01b0\u1eddng \u0111\u1ea1i h\u1ecdc c\u00f4ng l\u1eadp l\u1edbn nh\u1ea5t trong v\u00f9ng New Jersey. Tr\u01b0\u1eddng cung c\u1ea5p h\u01a1n 100 ch\u01b0\u01a1ng tr\u00ecnh c\u1eed nh\u00e2n, 100 ch\u01b0\u01a1ng tr\u00ecnh c\u1ea5p b\u1eb1ng th\u1ea1c s\u0129 v\u00e0 80 ch\u01b0\u01a1ng tr\u00ecnh c\u1ea5p b\u1eb1ng ti\u1ebfn s\u0129. \u0110\u00e2y l\u00e0 m\u1ed9t \u0111i\u1ec3m du h\u1ecdc uy t\u00edn l\u00e2u \u0111\u1eddi t\u1ea1i x\u1ee9 c\u1edd hoa.<\/p>\n<p>[\/et_pb_accordion_item][et_pb_accordion_item title=&#8221;H\u1ecdc ph\u00ed trung b\u00ecnh&#8221; open_toggle_text_color=&#8221;#0c71c3&#8243; open_toggle_background_color=&#8221;rgba(0,199,255,0.12)&#8221; icon_color=&#8221;#00aeef&#8221; _builder_version=&#8221;4.4.2&#8243; text_orientation=&#8221;justified&#8221; hover_enabled=&#8221;0&#8243; border_color_all=&#8221;#00aeef&#8221; toggle_font=&#8221;|800||on|||||&#8221; closed_toggle_font=&#8221;|600||on|||||&#8221; open=&#8221;off&#8221;]<\/p>\n<p><span>\u2022 \u0110\u1ea1i h\u1ecdc\u00a0: 26,920 USD <\/span><\/p>\n<p><span>\u2022 Cao h\u1ecdc : 36,320 USD <\/span><\/p>\n<p>[\/et_pb_accordion_item][et_pb_accordion_item title=&#8221;C\u00e1c Ng\u00e0nh \u0111\u00e0o t\u1ea1o&#8221; open_toggle_text_color=&#8221;#0c71c3&#8243; open_toggle_background_color=&#8221;rgba(0,199,255,0.12)&#8221; icon_color=&#8221;#00aeef&#8221; _builder_version=&#8221;4.4.2&#8243; text_orientation=&#8221;justified&#8221; hover_enabled=&#8221;0&#8243; border_color_all=&#8221;#00aeef&#8221; toggle_font=&#8221;|800||on|||||&#8221; closed_toggle_font=&#8221;|600||on|||||&#8221; open=&#8221;off&#8221;]<\/p>\n<ul>\n<li>Gi\u00e1o d\u1ee5c v\u00e0 \u0110\u00e0o t\u1ea1o.<\/li>\n<li>Khoa h\u1ecdc M\u00e1y t\u00ednh v\u00e0 C\u00f4ng ngh\u1ec7 th\u00f4ng tin (CNTT).<\/li>\n<li>Khoa h\u1ecdc X\u00e3 h\u1ed9i v\u00e0 Truy\u1ec1n th\u00f4ng.<\/li>\n<li>Kinh doanh &amp; Qua\u0309n ly\u0301.<\/li>\n<li>Khoa h\u1ecdc \u1ee8ng d\u1ee5ng v\u00e0 Khoa h\u1ecdc C\u01a1 b\u1ea3n.<\/li>\n<li>Lu\u1eadt.<\/li>\n<li>Ngh\u1ec7 thu\u1eadt S\u00e1ng t\u1ea1o v\u00e0 Thi\u1ebft k\u1ebf.<\/li>\n<li>Nh\u00e2n v\u0103n.<\/li>\n<li>Y t\u1ebf v\u00e0 s\u1ee9c kh\u1ecfe.<\/li>\n<li>Ki\u1ebfn tr\u00fac v\u00e0 X\u00e2y d\u1ef1ng.<\/li>\n<\/ul>\n<p>[\/et_pb_accordion_item][et_pb_accordion_item title=&#8221;Y\u00eau c\u1ea7u ti\u1ebfng Anh&#8221; open_toggle_text_color=&#8221;#0c71c3&#8243; open_toggle_background_color=&#8221;rgba(0,199,255,0.12)&#8221; icon_color=&#8221;#00aeef&#8221; _builder_version=&#8221;4.4.2&#8243; text_orientation=&#8221;justified&#8221; hover_enabled=&#8221;0&#8243; border_color_all=&#8221;#00aeef&#8221; toggle_font=&#8221;|800||on|||||&#8221; closed_toggle_font=&#8221;|600||on|||||&#8221; open=&#8221;off&#8221;]<\/p>\n<p><span>\u2022\u00a0<\/span><span>IELTS 6.5<\/span><\/p>\n<p><span>\u2022\u00a0<\/span><span>TOFEL iBT 79<\/span><\/p>\n<p>[\/et_pb_accordion_item][et_pb_accordion_item title=&#8221;H\u1ecdc b\u1ed5ng&#8221; open_toggle_text_color=&#8221;#0c71c3&#8243; open_toggle_background_color=&#8221;rgba(0,199,255,0.12)&#8221; icon_color=&#8221;#00aeef&#8221; _builder_version=&#8221;4.4.2&#8243; text_orientation=&#8221;justified&#8221; hover_enabled=&#8221;0&#8243; border_color_all=&#8221;#00aeef&#8221; toggle_font=&#8221;|800||on|||||&#8221; closed_toggle_font=&#8221;|600||on|||||&#8221; open=&#8221;off&#8221;]<\/p>\n<p><strong>\u2666 H\u1ecdc b\u1ed5ng Rutgers First-Year Student Awards:<\/strong> C\u00e1c sinh vi\u00ean \u0111\u01b0\u1ee3c nh\u1eadn v\u00e0o h\u1ecdc t\u1ea1i Rutgers\u2013New Brunswick s\u1ebd \u0111\u01b0\u1ee3c xem x\u00e9t cho c\u00e1c gi\u1ea3i th\u01b0\u1edfng d\u1ef1a tr\u00ean th\u00e0nh t\u00edch. C\u00e1c su\u1ea5t h\u1ecdc b\u1ed5ng c\u00f3 gi\u00e1 tr\u1ecb t\u1eeb 3,500 \u2013 27,400 USD m\u1ed7i n\u0103m.<\/p>\n<p><strong>\u2666 H\u1ecdc b\u1ed5ng International Student Scholarships:<\/strong> T\u1ea5t c\u1ea3 c\u00e1c sinh vi\u00ean qu\u1ed1c t\u1ebf s\u1ebd t\u1ef1 \u0111\u1ed9ng \u0111\u01b0\u1ee3c xem x\u00e9t cho h\u1ecdc b\u1ed5ng qu\u1ed1c t\u1ebf Rutgers. H\u1ecdc b\u1ed5ng dao \u0111\u1ed9ng t\u1eeb 2,000 \u2013 10,000 USD m\u1ed7i n\u0103m.<\/p>\n<p>[\/et_pb_accordion_item][\/et_pb_accordion][\/et_pb_column][\/et_pb_row][\/et_pb_section]<\/p>\n","protected":false},"excerpt":{"rendered":"<p>\u0110\u1ea1i h\u1ecdc Rutgers l\u00e0 tr\u01b0\u1eddng \u0111\u1ea1i h\u1ecdc c\u00f4ng l\u1eadp l\u1edbn nh\u1ea5t trong v\u00f9ng New Jersey. Tr\u01b0\u1eddng cung c\u1ea5p h\u01a1n 100 ch\u01b0\u01a1ng tr\u00ecnh c\u1eed nh\u00e2n, 100 ch\u01b0\u01a1ng tr\u00ecnh c\u1ea5p b\u1eb1ng th\u1ea1c s\u0129 v\u00e0 80 ch\u01b0\u01a1ng tr\u00ecnh c\u1ea5p b\u1eb1ng ti\u1ebfn s\u0129. \u0110\u00e2y l\u00e0 m\u1ed9t \u0111i\u1ec3m du h\u1ecdc uy t\u00edn l\u00e2u \u0111\u1eddi t\u1ea1i x\u1ee9 c\u1edd hoa. \u2022 \u0110\u1ea1i [&hellip;]<\/p>\n","protected":false},"author":1,"featured_media":0,"parent":49690,"menu_order":0,"comment_status":"closed","ping_status":"closed","template":"","meta":{"_et_pb_use_builder":"on","_et_pb_old_content":"","_et_gb_content_width":"","footnotes":""},"class_list":["post-50373","page","type-page","status-publish","hentry"],"_links":{"self":[{"href":"https:\/\/oisp.hcmut.edu.vn\/sac\/wp-json\/wp\/v2\/pages\/50373","targetHints":{"allow":["GET"]}}],"collection":[{"href":"https:\/\/oisp.hcmut.edu.vn\/sac\/wp-json\/wp\/v2\/pages"}],"about":[{"href":"https:\/\/oisp.hcmut.edu.vn\/sac\/wp-json\/wp\/v2\/types\/page"}],"author":[{"embeddable":true,"href":"https:\/\/oisp.hcmut.edu.vn\/sac\/wp-json\/wp\/v2\/users\/1"}],"replies":[{"embeddable":true,"href":"https:\/\/oisp.hcmut.edu.vn\/sac\/wp-json\/wp\/v2\/comments?post=50373"}],"version-history":[{"count":0,"href":"https:\/\/oisp.hcmut.edu.vn\/sac\/wp-json\/wp\/v2\/pages\/50373\/revisions"}],"up":[{"embeddable":true,"href":"https:\/\/oisp.hcmut.edu.vn\/sac\/wp-json\/wp\/v2\/pages\/49690"}],"wp:attachment":[{"href":"https:\/\/oisp.hcmut.edu.vn\/sac\/wp-json\/wp\/v2\/media?parent=50373"}],"curies":[{"name":"wp","href":"https:\/\/api.w.org\/{rel}","templated":true}]}}